 of (-2)/(-2) + a - -27.
29
What are the prime factors of 8/28 + 654/14?
47
Let b(d) be the third derivative of -d**6/120 + d**5/10 - d**4/6 + d**3 - 4*d**2. Let g be b(5). What are the prime factors of g*(-2)/2*-1?
11
Let o(r) = -r + 5. Let k be o(8). Let s(p) = -3*p**2 - 9*p + 14. Let q(z) = -z**2 - 3*z + 5. Let a(n) = -8*q(n) + 3*s(n). List the prime factors of a(k).
2
Let a = 4 + -1. Suppose 4 = -p + a*p. What are the prime factors of (1*-1)/(p/(-10))?
5
Suppose 6*o = o + 465. List the prime factors of o.
3, 31
Suppose 0 = 4*a, -2*z - 4*a = -0*z - 88. What are the prime factors of z?
2, 11
Let h be (8/24)/((-2)/(-462)). Let j = h + -44. List the prime factors of j.
3, 11
Let u be (-4)/16 + (-1)/(-4). Suppose 3*c - 15 = -u, 2*t = -4*c + 40. List the prime factors of t.
2, 5
Let t(j) = -j**2 + 10*j + 4. Suppose -k = -c - 2 - 0, 4*k = 5*c + 5. Suppose 4*s - 3*y + 0*y - 23 = 0, -2*s - c*y + 25 = 0. What are the prime factors of t(s)?
2, 5
Let q(v) = 5*v**2 + 1. Let r(x) = x + 3. Let d be r(-2). What are the prime factors of q(d)?
2, 3
List the prime factors of (28/6)/(10/15).
7
Suppose 0 - 10 = -2*a. Suppose -w + 46 = 3*k, a*k = -2*w + 30 + 62. List the prime factors of w.
2, 23
Let x be (-4)/(5 + -3 + -3). Suppose k - 71 = -4*i, 0 = i - 0*i - x*k - 5. List the prime factors of i.
17
Let w(f) = -26*f + 4. Let k(q) = -649*q + 99. Let a(t) = -4*k(t) + 99*w(t). List the prime factors of a(1).
2, 11
Let d(y) = -20*y**2 + 54. Let j(p) = -7*p**2 + 18. Let c(s) = 6*d(s) - 17*j(s). List the prime factors of c(0).
2, 3
Let a = 38 + 89. List the prime factors of a.
127
Let b be 222/36 - 2/12. List the prime factors of 87/b - (-2)/4.
3, 5
Let u(s) = 2*s + 16. Let z be u(-11). List the prime factors of (-247)/z - (-3)/(-18).
41
Let t(b) = -b**2 + 5*b + 2. Let m = 6 + -2. What are the prime factors of t(m)?
2, 3
Let b = 33 + -30. What are the prime factors of b?
3
Suppose j = -0*j + 3. Suppose 4*r - f - j = 0, 6*f = -r + 2*f + 22. What are the prime factors of r?
2
Let w = -1 - -20. List the prime factors of w.
19
Let k(m) = m**3 - m + 8. List the prime factors of k(0).
2
What are the prime factors of (1 - (2 + -2)) + 23?
2, 3
Suppose 4*p - 5*o = 21, -2*o + 0*o + 10 = 3*p. What are the prime factors of p?
2
Suppose -324 = -4*l + 7*l. Let x = l - -226. What are the prime factors of x/6 - (-2)/(-3)?
19
Let s = 529 + -376. List the prime factors of s.
3, 17
Let v be (-2)/((-2 - -1)*1). Suppose 5*q = v*s + 26, -2*s - 25 = -4*q - 5. What are the prime factors of q?
2, 3
Suppose 2*w - 10 = -3*w. Suppose 0 = -2*m + j + w*j + 7, 38 = 4*m + 2*j. What are the prime factors of m?
2
Suppose 3 = -h + 2*h. Suppose 43 = h*s + 16. Suppose 0 = 5*t - 61 - s. List the prime factors of t.
2, 7
Let d(l) = l**3 - l + 2. Let m be d(0). Let f be (-2)/6 - 40/(-12). Let p = f + m. List the prime factors of p.
5
Suppose -6 + 4 = -r. Suppose r*g = g + 14. List the prime factors of g.
2, 7
Let t(k) = -6*k**3 - k**2 - k - 2. List the prime factors of t(-2).
2, 11
Suppose 3*v + 2*v - 2*t = 201, -5*t - 15 = 0. What are the prime factors of v?
3, 13
Suppose -4*l + 4*n - 49 = -13, 0 = -5*l + 4*n - 42. Let h(i) = -8 - i + i + 0*i - 3*i. List the prime factors of h(l).
2, 5
List the prime factors of 4 - (-183 - (-8)/4).
5, 37
Let q = -13 - -18. Let n(s) = s**3 - 6*s**2 + 5*s + 6. List the prime factors of n(q).
2, 3
Suppose -135 + 44 = -g. List the prime factors of g.
7, 13
Suppose 5*j + q = 2*j + 36, 4*q = -5*j + 53. Let x = j - 9. What are the prime factors of x?
2
Suppose 4*z - 2 = 3*z. Suppose z*r - 44 - 22 = 0. List the prime factors of r.
3, 11
Let k = 22 + 0. What are the prime factors of k?
2, 11
What are the prime factors of (-384)/(-4)*2/6?
2
Let a(y) = y**3 - 3*y**2 - 3*y - 4. Let d be a(4). Suppose -2*g - 4*l + 14 = -d*g, -24 = -5*g + l. What are the prime factors of g?
5
Suppose -5*k + 5*q - q + 75 = 0, 3*k = 5*q + 58. List the prime factors of k.
11
Suppose -y - 5*x = -19, 0 = -x + 2*x - 1. What are the prime factors of y?
2, 7
Let u(s) = s**3 + 2*s**2 - 3*s + 4. Let n be u(-3). Let o = 7 - n. Let x = 5 - o. List the prime factors of x.
2
Let i(b) = 2*b**2 - 11*b - 10. Let v be i(9). Let o = 85 - v. What are the prime factors of o?
2
Let h be 1/(0 - (-2)/18). Suppose h*w + 5 = 4*w. Let b = w - -7. List the prime factors of b.
2, 3
Let s(c) = c + 6. Suppose 2*m = -3*m - 30. Let g be s(m). Suppose -u - 3*u + 48 = g. List the prime factors of u.
2, 3
Suppose 0*s = -4*s + 188. List the prime factors of s.
47
Let s be -8*2/(-4) - 4. What are the prime factors of 5 + 3 + 1 + s?
3
Suppose 4*o - 4*j - 1 - 11 = 0, 5*j - 1 = o. What are the prime factors of 1*((32 - o) + 0)?
2, 7
Let n(x) = -2*x - 7. Suppose -2*f + 5*f = -6. Let u be ((-48)/(-15) + f)*-5. What are the prime factors of n(u)?
5
Let k(n) = n**3 + 6*n**2 - 9*n - 7. What are the prime factors of k(-7)?
7
Suppose 5*q = 4*l + 55, -6*q = -3*q + 4*l - 33. What are the prime factors of q?
11
Let x = -26 - -28. List the prime factors of x.
2
Let f(o) = 7*o**3 + 17*o**2 - 5*o - 11. Let h(c) = -10*c**3 - 25*c**2 + 7*c + 16. Let t(j) = 7*f(j) + 5*h(j). What are the prime factors of t(-6)?
3
Suppose 0 = 5*s - 5*r, -4 = 2*s + 3*s - 4*r. Let k = s + 7. Suppose -k*c = -2*c - 3. List the prime factors of c.
3
Let t = 72 + 14. Suppose 22 = 6*d - t. List the prime factors of d.
2, 3
Let f = 3 - -11. List the prime factors of f.
2, 7
List the prime factors of -2 - 0 - (-1)/(3/99).
31
Suppose 414 = 7*s + 1. List the prime factors of s.
59
Let x = -10 - -6. Let h(t) = -2*t - 6. Let a be h(x). Suppose 0*s - a*s = -34. List the prime factors of s.
17
Let z = 61 + -88. Let w be (-4)/(z/(-14) - 2). What are the prime factors of (w/(-21))/(2/(-6))?
2
Suppose g = -2*a + 29, 43 = 2*g + 2*a - a. What are the prime factors of g?
19
Suppose 835 + 600 = 5*m. What are the prime factors of m?
7, 41
Suppose -4*v - 8 = 0, x + v - 53 = 105. What are the prime factors of (-2)/(-6) + x/15?
11
Suppose 0 = 4*k - f + 5*f + 8, -2*k + 6 = 4*f. What are the prime factors of 4/(-14) - 30/k?
2
Let a be (-3 + 148/12)*-3. Let j = 1 - a. What are the prime factors of j?
29
Suppose h = -40 - 50. Let m be (2/(-5))/(2/h). Suppose 3 = w, 0*j = -2*j - 2*w + m. List the prime factors of j.
2, 3
Suppose 9 = 2*c - 5*f - 9, 7 = 5*c - 3*f. Let d be (-10)/(c/(-2)*-2). List the prime factors of -1 + d/(-1 - -2).
3
Suppose -2*j + 50 + 4 = 0. List the prime factors of j.
3
Let v(f) = 2*f**2 + 2*f**2 - f + 2 - f**2 + 0*f**2. What are the prime factors of v(-2)?
2
Suppose -4*x - 12 = c, -1 = 5*c + 2*x + 5. Suppose -h - 5*q + 19 = 0, c = -2*h + 5*q - 2*q + 38. What are the prime factors of h?
19
Let q(d) = 2*d**2 + d - 2. Let g be q(-2). Suppose -g*j + 36 = -0*j. Let k = j - 1. List the prime factors of k.
2
Let t(w) = -w + 15. Let g be t(7). Suppose z - 5*z - 24 = 0. Let i = z + g. What are the prime factors of i?
2
Let i = 4 - 1. Suppose 0 = -l + 1, -i = -4*a - 0*a - 3*l. Let y = 3 - a. What are the prime factors of y?
3
Let r(k) = 1 - 7 - k**2 + 3*k - 8*k. Let i be r(-5). Let j(u) = u**3 + 5*u**2 - 6*u + 5. List the prime factors of j(i).
5
Suppose 1 = 4*u + 33. Let r(t) = -t. Let b be r(u). Suppose 4*d = -5*z + 19, 0 = -d + z + b + 8. What are the prime factors of d?
11
Let c be 46 + (-2 + 1 - -3). Let g = c - 6. Let f = -28 + g. What are the prime factors of f?
2, 7
Suppose -462 + 2450 = 7*q. List the prime factors of q.
2, 71
Suppose -2*f - f + 6 = 0. Suppose i + 4*i = 4*t + 47, f*t + 13 = i. List the prime factors of i.
7
Suppose j + 4 = o + 2, j = -4*o + 13. What are the prime factors of o?
3
Suppose -567 = -4*h - 191. What are the prime factors of h?
2, 47
Let o = -381 + 636. What are the prime factors of o?
3, 5, 17
Let q(y) = y - 11. Let w(p) = -4. Let n(j) = -2*q(j) + 7*w(j). Let l be n(-4). What are the prime factors of 4/(-8) - (-13)/l?
2, 3
Let h = 23 + -10. Let f = -29 + h. Let m = f - -26. What are the prime factors of m?
2, 5
Let o be (-12)/15 + (-80)/25. Let r(u) = -4*u + 9. What are the prime factors of r(o)?
5
Let d = -19 - -24. What are the prime factors of d?
5
Suppose 137 + 35 = 2*t. What are the prime factors of t?
2, 43
Suppose -4*b = -3*v - 36, -9 - 7 = -4*b - 2*v. Let w = 3 + b. List the prime factors of w.
3
Let g be -1 + 36 + (-1 - 2). Let r = -20 + g. Wh